, 24919
What are the prime factors of 14029798?
2, 7014899
List the prime factors of 246021484.
2, 17, 41, 79, 1117
List the prime factors of 268766456.
2, 7, 4799401
List the prime factors of 136551985.
5, 27310397
List the prime factors of 2309096077.
17, 151, 899531
List the prime factors of 94908277.
94908277
What are the prime factors of 49930686?
2, 3, 13, 37, 73, 79
List the prime factors of 77880318.
2, 3, 181, 71713
What are the prime factors of 342232975?
5, 7, 97, 20161
List the prime factors of 51763511.
51763511
What are the prime factors of 338911305?
3, 5, 37, 610651
What are the prime factors of 3805529566?
2, 73, 26065271
What are the prime factors of 353579621?
23, 15373027
List the prime factors of 9425855769.
3, 11, 109, 2620477
What are the prime factors of 1779169301?
7, 13, 23, 2843
What are the prime factors of 997475288?
2, 124684411
What are the prime factors of 58203245?
5, 11640649
What are the prime factors of 723529633?
19, 157, 242551
List the prime factors of 1153650.
2, 3, 5, 7691
List the prime factors of 929846478.
2, 3, 11, 107, 353, 373
What are the prime factors of 80528179?
89, 904811
What are the prime factors of 62349543?
3, 601, 11527
What are the prime factors of 947417562?
2, 3, 7, 13, 578399
What are the prime factors of 27946345?
5, 7, 31, 43, 599
List the prime factors of 71716174.
2, 43, 97, 8597
List the prime factors of 67804291.
29, 2338079
What are the prime factors of 8623764?
2, 3, 421, 569
What are the prime factors of 221483459?
221483459
What are the prime factors of 293577667?
79, 3716173
What are the prime factors of 103746746?
2, 29, 167, 10711
What are the prime factors of 44537666?
2, 22268833
List the prime factors of 1607230832.
2, 41, 2450047
What are the prime factors of 885449184?
2, 3, 9223429
List the prime factors of 37797601.
103, 366967
What are the prime factors of 56465841?
3, 18821947
What are the prime factors of 16549803?
3, 179, 10273
List the prime factors of 679508407.
103, 1879, 3511
What are the prime factors of 3134961203?
11, 23, 1433, 8647
List the prime factors of 159776141.
7, 61, 593, 631
List the prime factors of 125651860.
2, 5, 97, 239, 271
What are the prime factors of 2841888?
2, 3, 7, 4229
List the prime factors of 332800755.
3, 5, 7, 17, 37, 5039
What are the prime factors of 1310244322?
2, 655122161
List the prime factors of 71872865.
5, 14374573
What are the prime factors of 60296635?
5, 7, 157, 10973
What are the prime factors of 37771085?
5, 11, 79, 8693
What are the prime factors of 33501258?
2, 3, 7, 265883
What are the prime factors of 103487538?
2, 3, 7, 11, 223999
List the prime factors of 2240164210.
2, 5, 224016421
List the prime factors of 589432180.
2, 5, 509, 57901
List the prime factors of 176677709.
13, 13590593
What are the prime factors of 3964572772?
2, 30677, 32309
What are the prime factors of 1260047144?
2, 157505893
What are the prime factors of 125732169?
3, 89, 107, 163
List the prime factors of 4511478984.
2, 3, 187978291
What are the prime factors of 4990241?
23, 216967
What are the prime factors of 164171107?
3613, 45439
What are the prime factors of 906309164?
2, 226577291
List the prime factors of 53382974.
2, 463, 57649
What are the prime factors of 514654925?
5, 409, 50333
List the prime factors of 1175465722.
2, 587732861
What are the prime factors of 40642150?
2, 5, 23, 59, 599
What are the prime factors of 94382158?
2, 13, 19, 191057
List the prime factors of 172928440.
2, 5, 311, 13901
List the prime factors of 35335856.
2, 2208491
List the prime factors of 279649023.
3, 311, 299731
What are the prime factors of 37758407?
59, 10847
List the prime factors of 788142189.
3, 557, 471659
List the prime factors of 4332190108.
2, 31, 53, 659189
What are the prime factors of 458838754?
2, 11, 29, 719183
List the prime factors of 150393586.
2, 7, 31, 346529
What are the prime factors of 73356852?
2, 3, 6113071
List the prime factors of 265386369.
3, 88462123
List the prime factors of 1030265226.
2, 3, 1609, 35573
List the prime factors of 93906409.
31, 3029239
What are the prime factors of 710480074?
2, 23, 15445219
What are the prime factors of 104739986?
2, 13, 59, 68279
List the prime factors of 840519522.
2, 3, 46695529
What are the prime factors of 6523713227?
72973, 89399
List the prime factors of 3903014.
2, 131, 14897
What are the prime factors of 3766658524?
2, 83, 751, 15107
List the prime factors of 1139896061.
211, 5402351
What are the prime factors of 439071355?
5, 311, 373, 757
List the prime factors of 55744621.
1087, 51283
List the prime factors of 12211929.
3, 29, 71, 659
List the prime factors of 858439655.
5, 171687931
List the prime factors of 4385704481.
29, 757, 199777
List the prime factors of 58300800.
2, 3, 5, 6073
What are the prime factors of 62753998?
2, 19, 37, 44633
List the prime factors of 833701923.
3, 30877849
List the prime factors of 55656038.
2, 1367, 20357
What are the prime factors of 22027354?
2, 233, 47269
What are the prime factors of 3160745?
5, 7, 19, 97
List the prime factors of 3735264936.
2, 3, 13, 83, 144241
What are the prime factors of 92805155?
5, 487, 38113
What are the prime factors of 237983683?
7, 19, 31, 197, 293
List the prime factors of 24241168.
2, 7, 41, 5279
What are the prime factors of 2933422575?
3, 5, 39112301
List the prime factors of 672836786.
2, 37, 1031, 8819
What are the prime factors of 4629401?
7, 661343
What are the prime factors of 19170960?
2, 3, 5, 23, 151
What are the prime factors of 3995768191?
19, 151, 241, 5779
What are the prime factors of 656037559?
656037559
What are the prime factors of 76583809?
29, 2640821
List the prime factors of 94537269.
3, 113, 92957
What are the prime factors of 61964446?
2, 157, 197339
What are the prime factors of 1799247649?
17, 41, 2581417
What are the prime factors of 160218755?
5, 127, 252313
List the prime factors of 105486251.
13, 79, 7901
List the prime factors of 47624393.
19, 2506547
List the prime factors of 654931776.
2, 3, 89, 38327
List the prime factors of 215403264.
2, 3, 93491
What are the prime factors of 2684041607?
13, 107, 148429
List the prime factors of 823147683.
3, 107, 2564323
List the prime factors of 917864249.
21377, 42937
What are the prime factors of 2753771743?
2753771743
What are the prime factors of 1086699175?
5, 43467967
List the prime factors of 2339687.
7, 83, 4027
List the prime factors of 198040976.
2, 7, 1768223
List the prime factors of 770582284.
2, 4111, 46861
List the prime factors of 317750358.
2, 3, 52958393
What are the prime factors of 439262920?
2, 5, 10981573
What are the prime factors of 77478560?
2, 5, 47, 10303
List the prime factors of 5600811.
3, 59, 31643
List the prime factors of 86936226.
2, 3, 13, 1114567
What are the prime factors of 963748619?
29, 211, 239, 659
List the prime factors of 624672510.
2, 3, 5, 7, 11, 270421
What are the prime factors of 142950399?
3, 17, 2802949
What are the prime factors of 22418789?
22418789
What are the prime factors of 221322465?
3, 5, 7, 13, 1103
What are the prime factors of 57947008?
2, 7, 9239
List the prime factors of 23554062.
2, 3, 7, 131, 1427
List the prime factors of 2771943569.
29, 421, 7829
List the prime factors of 427044404.
2, 23, 4641787
List the prime factors of 399016312.
2, 49877039
What are the prime factors of 90656634?
2, 3, 71, 139, 1531
What are the prime factors of 3805833973?
3805833973
List the prime factors of 1049239213.
11, 95385383
List the prime factors of 31830708.
2, 3, 7, 13, 103, 283
List the prime factors of 80649932.
2, 11, 47, 59, 661
What are the prime factors of 1961792337?
3, 23, 3691, 7703
What are the prime factors of 42289776?
2, 3, 73, 149
List the prime factors of 23761527.
3, 29, 113, 2417
List the prime factors of 2693751365.
5, 538750273
List the prime factors of 566488601.
7, 653, 123931
List the prime factors of 1675244299.
53, 3373, 9371
List the prime factors of 1734600.
2, 3, 5, 7, 59
What are the prime factors of 210540137?
23, 103, 88873
What are the prime factors of 2992914643?
50329, 59467
What are the prime factors of 899733399?
3, 299911133
List the prime factors of 4934220007.
41983, 117529
List the prime factors of 34354037.
1051, 32687
What are the pri